 o(s) = -s**3 + 5*s**2 - 6*s - 4. Give o(0).
-4
Let u(s) = -s**3 - 14*s**2 - 5*s - 58. Give u(-14).
12
Let p(a) = 2*a - 72. Calculate p(33).
-6
Let j(a) = a**2 + 13*a - 10. Determine j(-14).
4
Let m(a) = -a**2 + 15*a - 6. Determine m(13).
20
Let a(z) = -z**2 - 8*z + 4. Determine a(-6).
16
Let w(l) = -3*l**3 - l**2 + l - 1. What is w(-2)?
17
Let u(x) = x**2 + 12*x + 29. What is u(-7)?
-6
Let j(f) = f**2 + 17*f + 16. Calculate j(-19).
54
Let y(r) = r**2 + 6*r + 15. Calculate y(-6).
15
Let b(t) = t**3 - 11*t**2 - 15*t + 5. Calculate b(12).
-31
Let f(r) = 28*r - 560. Calculate f(20).
0
Let x(j) = -j**2 - 11*j + 4. Calculate x(-12).
-8
Let w(x) = -x**3 + 15*x**2 + 24*x - 3. Give w(16).
125
Let q(y) = y**3 - 5*y**2 - 5. What is q(5)?
-5
Let a(d) = d**2 + 10*d - 3. Give a(-10).
-3
Let s(x) = 3*x**2 - 53*x + 197. Give s(12).
-7
Let n(s) = 4*s**2 - 4*s + 5. Calculate n(2).
13
Let c(f) = -f**3 - 6*f**2 + 5*f + 1. What is c(-5)?
-49
Let u(k) = -3*k**2 - k + 10. Determine u(-3).
-14
Let l(p) = 26*p + 128. Calculate l(-5).
-2
Let x(q) = q**2 + 10*q - 14. Determine x(-13).
25
Let x(d) = -d**3 - 12*d**2 - d - 8. Calculate x(-12).
4
Let b(h) = 22*h**3 + 5*h**2 - 2*h - 2. Give b(1).
23
Let h(y) = -y**3 + 7*y**2 + 9*y - 13. Determine h(8).
-5
Let s(u) = 3*u**2 + 14*u + 12. Determine s(-5).
17
Let h(n) = -6*n + 30. Determine h(5).
0
Let l(p) = p + 13. Determine l(-7).
6
Let y(o) = -24*o - 48. Give y(-8).
144
Let j(y) = -2*y - 75. Give j(-11).
-53
Let a(h) = -h**3 - 10*h**2 - h + 1. Determine a(-10).
11
Let h(p) = -p + 13. Give h(5).
8
Let l(z) = -2*z**2 - 180*z - 515. Calculate l(-87).
7
Let m(w) = w**3 - w**2 - 4*w - 1. Determine m(3).
5
Let h(l) = -l**2 - 12*l + 4. Give h(-12).
4
Let o(j) = -34*j - 2. Calculate o(3).
-104
Let a(y) = -y - 1. Give a(-12).
11
Let g(r) = r**3 - 18*r**2 - 17*r - 22. Calculate g(19).
16
Let k(v) = v**3 + 8*v**2 + v + 6. Give k(-8).
-2
Let k(c) = 2*c - 31. Determine k(11).
-9
Let r(p) = p**2 + 8*p + 17. Give r(-7).
10
Let a(i) = -i**3 - 11*i**2 + 12*i - 6. Calculate a(-12).
-6
Let c(v) = 22*v**3 - v. Determine c(-1).
-21
Let d(s) = 20*s**2 - 3*s - 2. Calculate d(2).
72
Let m(t) = 27*t - 2. Determine m(2).
52
Let f(k) = k**3 - 26*k**2 - 89*k + 46. Calculate f(29).
-12
Let b(h) = -7*h - 10. What is b(-2)?
4
Let f(i) = i**2 + 5*i - 15. Give f(6).
51
Let j(m) = -m**2 + m - 7. Calculate j(4).
-19
Let u(s) = 6*s - 13. Calculate u(-7).
-55
Let t(m) = -m**3 + 9*m**2 - 8*m - 7. Determine t(8).
-7
Let d(g) = -26*g - 104. Give d(-4).
0
Let z(s) = 3*s**3 - s**2 - 3. Determine z(3).
69
Let s(j) = -j**3 - 3*j**2 + 3*j - 4. Give s(-3).
-13
Let x(p) = -11*p - 7. Determine x(-1).
4
Let l(b) = -6*b**3 - 4*b**2 - 2*b + 4. Determine l(-2).
40
Let i(m) = -12*m - 17. What is i(-4)?
31
Let o(l) = -39*l**2 + l + 1. What is o(-1)?
-39
Let z(b) = -2*b**2 + 32*b + 17. What is z(17)?
-17
Let s(u) = u**2 - 20*u + 87. Give s(7).
-4
Let r(m) = -m**3 - 39*m**2 - 4*m - 77. Give r(-39).
79
Let x(c) = -c**3 + 18*c**2 - 7*c + 6. Calculate x(18).
-120
Let y(d) = d + 4. Give y(-12).
-8
Let l(d) = 7*d**2 - 6*d - 4. Calculate l(2).
12
Let u(f) = -5*f**2 + 9*f + 10. Calculate u(0).
10
Let p(s) = s**3 - 4*s**2 - 4*s + 4. Determine p(4).
-12
Let b(j) = j**2 - 13*j + 12. Give b(9).
-24
Let l(y) = y**3 + 7*y**2 + 6*y - 6. Determine l(-5).
14
Let f(x) = -2*x**2 - 16*x + 33. What is f(-14)?
-135
Let z(i) = -8*i**2 - i + 1. Calculate z(1).
-8
Let a(b) = -b**2 - 13*b - 8. Give a(-12).
4
Let x(k) = -2*k**3 - 24*k**2 - 21*k + 14. Calculate x(-11).
3
Let p(s) = -s - 17. What is p(-18)?
1
Let b(y) = y**3 - 10*y**2 - 9*y - 23. Determine b(11).
-1
Let w(d) = d - 1. Determine w(7).
6
Let u(s) = -s**3 + 2*s**2 + 12*s - 9. What is u(4)?
7
Let y(u) = -3*u + 11. What is y(-14)?
53
Let f(y) = -17*y**3 + 2*y**2 - 3*y + 2. What is f(1)?
-16
Let b(p) = -35*p + 351. Give b(10).
1
Let c(n) = 18*n**2 - 236*n + 20. What is c(13)?
-6
Let i(q) = -q**3 - 3*q**2 - q - 4. Calculate i(-4).
16
Let r(w) = -5*w + 4. What is r(7)?
-31
Let m(y) = y**3 - 16*y**2 - 14*y - 42. Determine m(17).
9
Let i(o) = -6*o**2 - 98*o + 19. Give i(-16).
51
Let n(j) = 4*j - 70. Give n(9).
-34
Let j(p) = 3*p**2 - 2*p - 2. What is j(3)?
19
Let s(l) = -2*l**3 - 51*l**2 - 24*l + 23. Calculate s(-25).
-2
Let c(a) = a**2 - 13*a - 18. Determine c(15).
12
Let m(p) = p**3 + 4*p**2 - 14*p - 9. Give m(-6).
3
Let y(a) = 2*a - 14. Calculate y(11).
8
Let u(y) = y**3 + 8*y**2 - 19*y - 101. Give u(-9).
-11
Let o(u) = u**2 + 4*u - 16. Determine o(-6).
-4
Let o(f) = -2*f**3 - 37*f**2 - 52*f + 2. What is o(-17)?
19
Let f(m) = -4*m**3 - 3*m**2 - 9*m - 14. What is f(-2)?
24
Let c(q) = 7*q**2 - 37*q + 13. Give c(5).
3
Let x(g) = -g**2 + 5. What is x(0)?
5
Let m(q) = 49*q + 334. Give m(-7).
-9
Let s(h) = 3*h - 61. What is s(17)?
-10
Let i(v) = 5*v + 36. Determine i(-9).
-9
Let v(c) = c**3 - 12*c**2 - 6*c - 19. Determine v(13).
72
Let u(j) = 2*j**2 - 24*j + 1. Determine u(10).
-39
Let f(k) = k**2 + 3*k - 1. Calculate f(6).
53
Let f(h) = -h**3. Give f(1).
-1
Let f(c) = 17*c + 52. Determine f(-4).
-16
Let g(q) = -12*q + 7. What is g(6)?
-65
Let i(p) = -25*p - 4. Give i(5).
-129
Let z(s) = s**2 - 21*s - 89. Calculate z(26).
41
Let i(v) = v**3 + 4*v**2 - 2*v - 2. Determine i(-4).
6
Let j(p) = -13*p + 137. Calculate j(11).
-6
Let h(f) = f**2 - 7*f + 6. Calculate h(4).
-6
Let d(x) = x**3 + 14*x**2 - 13*x + 24. Determine d(-15).
-6
Let x(m) = -m**3 + 3*m**2 - m - 24. What is x(6)?
-138
Let z(y) = 3*y - 16. What is z(6)?
2
Let n(z) = -26*z - 204. What is n(-8)?
4
Let p(s) = s**2 + 16*s + 28. What is p(-3)?
-11
Let c(i) = -2*i**2 + 7*i + 7. Determine c(4).
3
Let t(f) = 8*f - 48. Calculate t(6).
0
Let a(g) = -7*g**2 - 13*g. Determine a(-3).
-24
Let h(u) = 2*u - 14. Give h(0).
-14
Let f(x) = -2*x**2 + 32*x - 143. What is f(7)?
-17
Let l(q) = -q + 30. What is l(15)?
15
Let p(z) = 3*z**2 - 3. Determine p(-3).
24
Let n(g) = g**3 + g**2 - 10. Calculate n(3).
26
Let n(k) = k**2 + 18*k - 50. Calculate n(-20).
-10
Let o(s) = -4*s + 30. Give o(-6).
54
Let n(u) = u - 3. Determine n(7).
4
Let g(h) = h**3 + 8*h**2 + 10*h + 7. Give g(-4).
31
Let a(f) = 5*f - 2. Give a(1).
3
Let w(k) = 2*k**2 - 8*k + 4. Determine w(4).
4
Let x(p) = -p**2 + 7*p + 3. Give x(8).
-5
Let v(q) = -q**2 - 6*q - 10. Determine v(-8).
-26
Let t(l) = l**2 + 9*l + 9. Calculate t(-8).
1
Let q(t) = -7*t**3 - t. Calculate q(1).
-8
Let r(o) = 6*o - 5. Give r(-5).
-35
Let s(v) = -v**3 - 11*v**2 - 5*v - 10. Calculate s(-10).
-60
Let z(t) = t + 29. What is z(-15)?
14
Let m(t) = -16*t**2 + 36*t - 4. Calculate m(2).
4
Let g(l) = l**3 - 2*l**2 - 16*l - 6. What is g(-3)?
-3
Let x(h) = -4*h**2 - 15*h - 5. Give x(-4).
-9
Let k(j) = -j**2 - 11*j + 6. What is k(-5)?
36
Let b(r) = -13*r + 4. Determine b(0).
4
Let u(b) = -b**2 - 15*b + 17. What is u(-16)?
1
Let r(q) = -361*q - 357. Calculate r(-1).
4
Let u(p) = 8*p + 84. Determine u(-11).
-4
Let b(n) = -n**2 + 24*n - 147. Give b(12).
-3
Let r(n) = 2*n**2 + 14*n. What is r(-10)?
60
Let m(j) = j**3 - 9*j**2 + 12*j. Determine m(8).
32
Let q(y) = -5*y + 10. What is q(4)?
-10
Let j(z) = -z**3 + 21*z**2 - 22*z + 41. Give j(20).
1
Let q(z) = 38*z + 15. Determine q(-1).
-23
Let m(x) = x**2 + 9*x - 228. Determine m(-20).
-8
Let t(u) = u + 2. Give t(-6).
-4
Let z(d) = -4*d**3 - 2*d**2 + 3*d + 2. Give z(-2).
20
Let x(b) = -b**2 - 5*b - 9. Calculate x(-3).
-3
Let z(i) = -2*i**3 + 3*i**2 - 1. Calculate z(0).
-1
Let z(m) = -23*m**3 + m**2. Calculate z(-1).
24
Let j(d) = d**3 + 13*d**2 + 20*d + 21. Give j(-11).
43
Let v(c) = -c**2 - 9*c - 14. Calculate v(-4).
6
Let u(h) = 4*h + 72. Calculate u(-9).
36
Let w(l) = -7*l + 88. Determine w(9).
25
Let y(r) = -20*r + 191. Determine y(10).
-9
Let g(c) = -c**2 + 10*c - 11. Calculate g(8).
5
Let g(q) = -q**2 + 6*q + 11. Give g(7).
4
Let d(u) = 202*u - 1425. Give d(7).
-11
Let j(p) = -7*p + 40. Give j(7).
-9
Let p(s) = -s + 11. Calculate p(9).
2
Let w(v) = -2*v**3 - 8*v**2 - 5*v. Give w(0).
0
Let h(b) = -b**3 + 7*b**2 - 4*b + 6. Give h(6).
18
Let h(g) = -g**2 + 4*g + 20. Calculate h(9).
-25
Let b(d) = -4*d**2 + 2*d - 1. Calculate b(3).
-31
Let s(j) = j**2 + 10*j + 21. Calculate s(-2).
5
Let a(n) = 3*n**2 + 9*n - 6. What is a(-4)?
6
Let c(a) = 2*a - 17. Determine c(14).
11
Let w(n) = -n**3 + 6*n**2 - n - 3. Give w(6).
-9
Let q(g) = g**2 + 19*g